 g.
13
Suppose 501*b - 723*b = -29526. Calculate the remainder when b is divided by 9.
7
Let a be 10 + -5 + (-1 - 0). Suppose 3*v - 89 = -a*w, -6*v + 85 = -3*v + 5*w. What is the remainder when 384 is divided by v?
34
Let z(w) = 2*w**2 + w**2 + 7*w**2 + 6*w - 9*w**2 + 14. Suppose -17*k + 14*k + 24 = 0. What is the remainder when z(-7) is divided by k?
5
Let v = 7655 + -7644. What is the remainder when 11635 is divided by v?
8
Let h = 48 + -45. Suppose 2*v - 56 = -h*i, -79 = -3*v + 4*i - 12. Calculate the remainder when 299 is divided by v.
24
Suppose -4*b - 14055 + 16291 = 0. What is the remainder when b is divided by 551?
8
Let u = 368 - 353. Let m(s) = 5*s**2 + 2*s - 1. What is the remainder when m(1) is divided by 21/15 - (-9)/u?
0
Suppose -5*g - 5*k + 19 = -26, -5*g = 2*k - 36. Suppose 1822 = -4*h + 2042. What is the remainder when h is divided by 18/4*20/g?
10
Suppose 56 = -5*h + h. Let y be (-612)/357 + 9582/(-21). Calculate the remainder when y/h - 4/(-14) is divided by 7.
5
Suppose 25*g - 1563 = -0*g - 563. What is the remainder when 869 is divided by g?
29
What is the remainder when 23 - (-31448 - (31 - 21)) is divided by 34?
31
Let q(g) = -g**3 - 22*g**2 + 25*g + 790. Calculate the remainder when 741 is divided by q(-22).
21
Suppose -19*c = -17721 + 8601. What is the remainder when c is divided by 112?
32
Let a = 144 - 258. Let m = -114 - a. Let p = 58 + m. Calculate the remainder when p is divided by 20.
18
Suppose 478 = 2*f + 68. Let a = 310 - f. What is the remainder when a is divided by 32?
9
Let i(j) = j - 2. Let v be i(4). Suppose 2*x - 153 = -3*c, v*c - 84 = -x + 19. Let k(h) = h**2 - 62*h + 906. What is the remainder when c is divided by k(39)?
8
Let d = -7793 - -7822. Calculate the remainder when 76 - (4 + 0 + -3) is divided by d.
17
Let u = -57 + -83. Let z = 176 + u. What is the remainder when z is divided by 19?
17
Suppose 2*f + g = 6*f - 14, 0 = -2*f - 2*g + 2. What is the remainder when 51 is divided by (2 - (f - 4))*44/6?
7
Calculate the remainder when 2106 is divided by (-1356)/(-28) + 2/3 - 92/966.
48
Suppose 18830 = 162*v - 4174. Calculate the remainder when v is divided by 38.
28
Suppose -6*q = 6*q - 612. Calculate the remainder when q is divided by ((-12954)/(-36))/17 + (-4)/24.
9
Suppose 5*p = 3*r + 208, -5*p + 2*r + 40 + 167 = 0. Suppose -496 = 413*h - 444*h. Calculate the remainder when p is divided by h.
9
Let r(a) = -a - 25. Let l be r(-28). Suppose 0 = -l*y - 0*y + 558. What is the remainder when y is divided by 38?
34
Suppose 5*m + 18825 = 5*t, -5*m - 82 = -57. Calculate the remainder when t is divided by 57.
55
Let q(g) = 15*g**2 + 174*g + 127. Calculate the remainder when 816/10 + (-4)/(-10) is divided by q(-11).
26
Suppose 17*l + 29*l - 690 = -23*l. Let n(s) = 4*s**3 - 3*s**2 - 4*s - 4. Calculate the remainder when n(4) is divided by l.
8
Suppose 3*t - 412 = -2*z, -5*t + 2*z + 179 + 529 = 0. What is the remainder when 1116 is divided by t?
136
Suppose 141*o - 134*o = -77. Calculate the remainder when (-2)/(-1 + (-75)/(-77)) is divided by (-11 + 9)*(o + 3 + -2).
17
Let h(d) = -d**3 + d**2 + d - 1. Let g(r) = -6*r**3 - 3*r**2 + 23*r. Let o(p) = -g(p) + 5*h(p). Calculate the remainder when o(-5) is divided by 9.
7
Let d(h) = -h**3 + 49*h**2 - 40*h + 109. What is the remainder when d(48) is divided by 279?
214
Let t(k) = -3*k**3 + 70*k**2 - 33*k - 11. Calculate the remainder when t(-8) is divided by 123.
119
Suppose 0 = -q + 3*q + 366. Let o = -108 - q. Suppose 0 = 5*d + u - 128, 88*u = 92*u + 8. Calculate the remainder when o is divided by d.
23
Let n(w) = -5*w + 50. Let p be n(8). Suppose 19*r - 2291 = -p*r. Calculate the remainder when r is divided by 31.
17
Suppose -4*h - 26 = -2*y, -4*h = 7 + 13. Suppose -y*j = -40 - 14. Calculate the remainder when 34 is divided by j.
16
Calculate the remainder when 1218 is divided by ((-2)/5)/((63/(-14) - -4)/505).
6
Let h be (-10)/(-2)*990/75. Let j = h - 35. What is the remainder when j is divided by (-5)/4 - (-276)/16?
15
Let q(m) = -m**2 - 11*m + 47. Let h be q(5). Suppose 0 = 3*i - 4*s - 44, 5*s + 72 = -5*i + 192. What is the remainder when (-21 + h)*(-2)/4 is divided by i?
7
Suppose 0 = -6*k - k + 238. Suppose k*h - 2*h - 800 = 0. Calculate the remainder when ((-2)/3)/(2/(-438)) is divided by h.
21
Let x(l) = 4*l**2 - 9*l - 41. Let q be x(-6). Let v = 500 - q. Calculate the remainder when v is divided by 87.
82
Let l be (-1)/(-1)*(-8)/(-4). Let q(y) = 4*y + 62. Let u be q(-12). Let t = u + l. Calculate the remainder when 30 is divided by t.
14
Let o be 1*(2 - (-6 + 57)). Calculate the remainder when 24 is divided by 5/(o/18 - -3).
6
Suppose -708 = -7*k + 741. What is the remainder when 856 is divided by k?
28
Let l = 7148 - 3735. Calculate the remainder when l is divided by 201.
197
Suppose -2*o + 4*q + 526 = 0, 4*o = o + q + 814. Suppose 4*m - 5*m = -o. Suppose 6*v = 129 + m. Calculate the remainder when v is divided by 17.
16
Suppose 377*r = 223252 - 41381 + 104649. What is the remainder when r is divided by 51?
46
Let z(a) = 4*a + 32. Let g be z(-8). Suppose -l + 87 = 6*t - 2*t, g = 2*t + l - 43. Suppose 0 = -p + 8*p - 595. Calculate the remainder when p is divided by t.
19
Suppose -27*k - 9*k = -24840. What is the remainder when k is divided by 99?
96
Suppose o = 2*i - 1015, i - 94 - 411 = 3*o. Calculate the remainder when i is divided by (-9)/((-9)/(-34))*78/(-52).
49
Suppose -5*f = -f - 12, 0 = -3*w + 2*f + 102. Let o = -41853 + 42104. Calculate the remainder when o is divided by w.
35
Let p = -1514 + 2105. Calculate the remainder when p is divided by -1 + 29 + -3 + 2.
24
Let c(t) = 20*t - 56. Let a be c(8). Let l = 178 - a. Calculate the remainder when l is divided by 25.
24
Suppose -4 = -p, -2*p - 10 = -d + 41. Calculate the remainder when 132 is divided by d.
14
Suppose 2*d = -2*p + 38, 5*d + 43 = 4*p - 51. Calculate the remainder when (-207)/(-2) - (-10)/(6 + -26) is divided by p.
19
Let p = 1869 + -1810. What is the remainder when 304 is divided by p?
9
Let j be (-26)/(-12) - (-6)/(-36). Let l(s) = -20*s + 5. Let g(u) = -42*u + 12. Let y(o) = 6*g(o) - 13*l(o). What is the remainder when 159 is divided by y(j)?
21
Let c(u) = -25*u + 21*u + 34 + 2*u. What is the remainder when 37 is divided by c(7)?
17
Let q(o) = o**3 - 23*o**2 - 50*o + 40. Suppose 0 = -26*a + 126 + 524. Calculate the remainder when q(a) is divided by 24.
16
Let r(y) = 115*y + 2527. What is the remainder when 239 is divided by r(-20)?
12
Let j(b) = 18*b - 149. Let m(f) = 6*f - 50. Let q(c) = 3*j(c) - 8*m(c). Calculate the remainder when (1/3)/((-2)/(-78)) is divided by q(9).
6
Let s(t) = 3*t - 1. Let d = -13466 - -13478. What is the remainder when d is divided by s(2)?
2
Suppose -18*m + 1056 = -14*m + 4*g, -5*g = -4*m + 1047. Calculate the remainder when 802 is divided by m.
13
Suppose 0*w = -6*w + 1434. What is the remainder when w is divided by 23 - -1*(-6)/2?
19
Suppose 0 = -y + 399 + 57. Let z = -419 + y. Calculate the remainder when 662 is divided by z.
33
Let z(k) = -16*k + 1032. Calculate the remainder when 322 is divided by z(63).
10
Suppose 3*r = -3*z, 0*z = -3*r + z + 20. Suppose -r*w + 154 = -4*w. Let t = -328821 + 328847. What is the remainder when w is divided by t?
24
Let m = 121 + -120. Suppose 0 = 6*j - 25 + m. Let o = -50 - -60. What is the remainder when o is divided by j?
2
Let t be (-16)/56 + 117/(-7) + 2. Calculate the remainder when 66 is divided by 19*2 - (-16)/(-7 - t).
26
Suppose -s = -15 - 38. Let w(p) = -25 - p**3 - 5*p**2 - 2*p**2 + 39. What is the remainder when s is divided by w(-7)?
11
Let c(i) = -11*i - 89. Let o be c(-19). Let n = -53 + o. Calculate the remainder when n is divided by 34.
33
Let j be (-4)/((0 - 3)/(-6)). Let w be (-23)/(-7) - j/(-28). Suppose 93 + 108 = w*g. Calculate the remainder when g is divided by 35.
32
Suppose 3*m - 291 = 4*l, -16*l = -m - 21*l + 97. Suppose 35 = -2*t + m. What is the remainder when 152 is divided by t?
28
Let i be 11 - -5*14/35. Let y(h) = -3*h**3 + 39*h**2 + 2*h - 9. Calculate the remainder when 32 is divided by y(i).
15
Let b(s) = -2*s**2 - 72*s + 9. Let c = -277 + 241. Suppose 133 = 4*n - k, -4*k - 4 = -0. Calculate the remainder when n is divided by b(c).
6
Let p = -313 - -358. Calculate the remainder whe